e of -1/2*f**2 - 13 - 1/3*f**3 + f. Determine s(3).
-11
Let v(c) = -38*c - 269. Let i be v(-7). Let w(t) = 0*t**2 + 2*t**3 + 3*t**2 + 1 - t**3. Give w(i).
1
Suppose -4*m = 2*x + 2, -3*x + 9 = -m + 33. Let v(f) be the third derivative of f**4/24 + 2*f**3 + 8*f**2. Give v(x).
5
Let s(r) = 8 - 32*r - 34*r + 98*r - 33*r. Calculate s(5).
3
Suppose -j + 5 = 5*m, 29 = 3*m - 4*j + 3. Let f(n) be the third derivative of -n**6/120 + n**5/30 - n**4/12 + n**3/3 + 3*n**2 + 3*n. Calculate f(m).
-2
Let t be (-4)/6*18/(-4). Let v(r) = r**3 - 33*r**2 + 62*r + 2. Let h be v(31). Let w(k) = k - 1 - t + h. Calculate w(0).
-2
Let g(z) = -z**3 - 11*z**2 + z - 7. Suppose 2*n - 10 = -3*b - 44, -3*b = 4*n + 56. Calculate g(n).
-18
Let u(x) = 4*x - 6. Let h(v) = -2*v + 2. Let d(i) = -3*h(i) - 2*u(i). What is d(9)?
-12
Let t(s) = -2*s**3 + 3*s**2 + 4*s + 12. Let m(n) = n**3 - 2*n**2 - 2*n - 6. Let h(z) = -13*m(z) - 6*t(z). What is h(8)?
22
Let w(j) be the second derivative of -1/3*j**3 - 1/2*j**2 - 4*j + 0. Suppose 0 = 6*c + 5*c + 33. Calculate w(c).
5
Let w(p) = -2*p + 2. Let i(k) = 8*k - 10. Let h(q) = -2*i(q) - 6*w(q). Give h(11).
-36
Let s = 4 - 5. Let w be (4/7)/((-6)/(-21)). Let v(d) = w - 1 + d - 1. Determine v(s).
-1
Let u = -16 - -29. Let n = -8 + u. Suppose -2*v - 12 = y, -2*v = n*y - 4*v + 12. Let a(p) = -p**3 - 3*p**2 + 6*p + 2. Determine a(y).
-6
Let i(q) be the third derivative of -q**6/120 - q**5/60 + q**4/12 - 5*q**2 - 6. What is i(2)?
-8
Let l(x) = 2*x + 3 + 2*x**2 + 3 + 1 + 2*x - x**3 - 8. Give l(3).
2
Let m(r) = 10 + 2 - r**2 + 4 - r + 2*r**2. Let c(q) = -2*q**3 + 14*q - 30*q + q**3 + 17*q**2. Let z be c(16). What is m(z)?
16
Let n(f) be the third derivative of f**4/12 + 196*f**2. Determine n(1).
2
Let d(a) = -a**3 - 9*a**2 - 7*a + 9. Let i be -2*(-4 + (-1 - 16/(-4))). Let m be i + 10*(0 - 1). Calculate d(m).
1
Let u(x) = 3*x - 6. Let n be u(3). Suppose 0*y - n = y. Let j(h) be the third derivative of h**5/60 + h**4/24 + h**3/3 - h**2. What is j(y)?
8
Suppose 0 = -4*b - 20, 2*b + 3 = -4*h - b. Let p(n) = 2 + 2 + 2*n + 0*n**h - 3*n - n**3. Calculate p(0).
4
Let h be (-8)/(-6)*3*5. Let w = h - 38. Let t = w + 16. Let s(a) = a**2 - a - 2. Calculate s(t).
4
Let l be -2 + 5 - 2/2. Let y(f) = -4 + l*f + 8 - 5*f**2 - 3 - f**3. What is y(-5)?
-9
Let j(c) = 36*c - 36*c - c**2. Let s = -25 - -27. Determine j(s).
-4
Suppose 0 = -5*u + 5*l + 45, 2*l + 18 = 5*u - 12. Suppose -2*o = u + 6. Let i(g) = 12 - 3*g - 5 - 13. Give i(o).
9
Let i(u) = 2*u**2 - 3*u + 3. Let s(y) = -5*y**2 + 5*y - 8. Let c(k) = 7*i(k) + 3*s(k). What is c(-4)?
5
Let w(l) be the first derivative of -1/4*l**4 + 5/3*l**3 - l + l**2 - 9. Determine w(5).
9
Suppose 3*d - 2 = l + 3*l, -d - l = -3. Let h(g) = -g**3 + 2*g**2 + 3*g - 2. Let a be h(d). Let r(i) = -i**2 + 6*i - 4. Determine r(a).
4
Let v(h) = -h + 4. Let t be v(3). Let j(x) = 7*x**2 - 25. Let n(i) = 14*i**2 - 42. Let r(p) = 5*j(p) - 3*n(p). What is r(t)?
-6
Let j be (-40880)/315 + (-2)/9. Let i = j + 125. Let z(x) = -x**2 - 4*x + 2. Give z(i).
-3
Let y(c) = c**3 - 3*c**2 - 3. Let t(h) = h**3 - 6*h**2 + 5*h + 6. Let p be t(5). Suppose -n + p*n + 50 = 0. Let f = n + 13. What is y(f)?
-3
Let f be -4 - 85/(-20) - (-90)/(-8). Let v(j) = -j**3 - 11*j**2 - 2. Give v(f).
-2
Let b(v) = 3*v**2 - v**3 - 5 + 7*v**2 - 6*v**2 + 0 + 3*v. Give b(3).
13
Let f be 0/(0 - (2 - 3)). Let t be 2 + f + 21 + -3. Let n = t + -26. Let b(c) = -c**3 - 6*c**2 - c + 3. Determine b(n).
9
Let i(f) = -f**3 + f. Let j(d) = d**3 + 11*d**2 - 2*d - 1. Let m(h) = 2*i(h) + j(h). What is m(11)?
-1
Let s(t) be the third derivative of t**5/60 - 5*t**4/24 - t**3/2 - 4*t**2 + 27*t. Let h(m) = -4*m - 3. Let d be h(-2). What is s(d)?
-3
Let h be (-6 + 4)*(-5 + 4). Suppose h*l + 15 = c + 38, -3*l = -2*c - 36. Let d(w) = w - 9. Calculate d(l).
1
Let b(z) be the third derivative of -1/24*z**4 + 2/3*z**3 - 8*z**2 + 0 + 0*z. Calculate b(-3).
7
Let z(d) be the second derivative of 0 + 15*d - 1/12*d**4 + 2/3*d**3 + 1/2*d**2. Suppose 0 = 4*w - 3*w - 4. Calculate z(w).
1
Let q(n) = 58 - 3*n**2 - 5*n - 54 + 4*n**2. Give q(6).
10
Suppose -4*k - 2 = -6. Let u(g) = -3*g**2 - 20*g**3 - k - 18*g**2 - g + 7. Let x(j) = -7*j**3 - 7*j**2 + 2. Let a(d) = 6*u(d) - 17*x(d). Calculate a(-6).
2
Suppose 8*v - 56 = 6*v. Suppose -2*i - v = -6*i. Let o(j) = -j + 9. Calculate o(i).
2
Let i(v) = -23*v - 14. Let h(f) = -5*f. Let r(s) = 4*h(s) - i(s). What is r(-8)?
-10
Let b(h) be the second derivative of -h**3/6 - 11*h**2/2 + 35*h. What is b(-11)?
0
Let a(y) be the second derivative of y**4/12 + y**3/2 + 3*y**2/2 + 8*y + 24. Calculate a(-2).
1
Let n be (4 + 2 - 4) + 2. Let j be (4/(-6))/((-6)/27). Let h(a) = -3*a + 6. Let w(k) = 2*k - 5. Let i(d) = j*h(d) + 4*w(d). Give i(n).
-6
Let d(i) be the first derivative of -i**3/3 + 5*i**2/2 - 4*i + 188. Suppose 6*x - 5*x = 5. What is d(x)?
-4
Let m(z) be the first derivative of -2*z**3/3 - 2*z**2 + 4*z - 5. Let c = 18 + -18. Let w be 2*(2 + c)*-1. What is m(w)?
-12
Let r(m) = -3*m**3 - 8*m**2 + m + 3. Let y(d) = -d**3 - d**2 - 1. Let i(c) = r(c) - 2*y(c). Calculate i(-6).
-1
Suppose -4*v - k = -4*k - 32, -5*v = -5*k - 40. Let f(q) = q**3 - 7*q**2 - 8*q + 11. Give f(v).
11
Let a(n) = 51 + 0*n**2 + 7*n + n**3 - 6*n**2 - 23 - 31. Calculate a(5).
7
Let i(c) = 9*c**2 + 17*c + 11. Let a(j) = 4*j**2 + 8*j + 5. Let d(b) = -13*a(b) + 6*i(b). Suppose v = 4*v, 6 = 3*g - 3*v. Determine d(g).
5
Let o(z) be the second derivative of -z**3/3 + z**2 - 272*z. Give o(-3).
8
Let g(d) = -6*d - 2*d - 2*d + d**3 + d + 8*d - 6. What is g(0)?
-6
Let b(l) = -5*l - l + 5*l + 4*l - 5 + 2*l. Give b(-6).
-35
Let w = -15 + 40. Let r = 55 - w. Suppose -5*i - i - r = 0. Let z(n) = -n**3 - 4*n**2 + 5*n + 1. Determine z(i).
1
Let s(k) = k**2 + 6*k - 8. Let o be (-206)/30 + 8/(-60). Determine s(o).
-1
Let b(h) = h**3 + 9*h**2 - 12*h - 5. Let u be b(-10). Suppose -u = -3*i - 6. Let s(x) = -4*x + 5. Let l(g) = g - 1. Let m(j) = 3*l(j) + s(j). What is m(i)?
-1
Suppose -172*h - 6 = -175*h. Let g(x) be the third derivative of -5/24*x**4 + 0*x + 0 - 2/3*x**3 + 1/60*x**5 - 2*x**h. Give g(6).
2
Let o(c) = c**3 + c**2 + c + 6. Let z be o(0). Let t(q) be the first derivative of -q**2/2 + 8*q - 208. Give t(z).
2
Let q(v) = -2*v - 5. Let g(i) = i**2 + 18*i - 153. Let u be g(6). What is q(u)?
13
Let d(j) be the second derivative of -j**4/12 - j**3 + 7*j**2/2 - j. Let h = -123 + 83. Let u be 6/(-4)*h/(-12). Give d(u).
12
Suppose 13 = 4*i + 1, 0 = -2*g - 2*i + 12. Let l be -4*(2 + 6*(-2)/4). Let t(y) = -l + 3*y + 1 + 3 + 2 - 3*y**2. Determine t(g).
-16
Suppose 9*s - 203 + 41 = 0. Suppose -4*h - 1 = 11, -s = -u + 5*h. Let m(t) = -t**2 + t + 4. Determine m(u).
-2
Let p(u) be the second derivative of u**5/20 + 2*u**4/3 + u**3/6 - u**2 + 3*u. Let q be -14 - (8 + -8 - 6). Determine p(q).
-10
Let r(h) be the second derivative of h**5/20 + h**4/12 - h**3/6 - h**2 - 122*h. Give r(0).
-2
Let j(l) = -3*l + l - 10*l + 19 - 2*l**2 + l**2. Let v be j(-13). Let m(c) = 2*c**2 + v*c - 2*c**2 - 11*c - 5 + c**2. Determine m(5).
-5
Let d(k) = 3*k**2 + 22*k - 7. Let b(i) = 7*i**2 + 45*i - 15. Let x(m) = 2*b(m) - 5*d(m). Determine x(-20).
5
Suppose 0 = 3*c - 4*t - 27, 5*t = -2*c + t - 2. Let f(s) = -7*s**2 - 5*s + 14. Let k(a) = 6*a**2 + 5*a - 13. Let z(j) = c*f(j) + 6*k(j). Give z(-6).
-2
Let s(q) = -q**3 + 9*q**2 + 2*q - 18. Let t be s(9). Let y(n) = -n**3 + n + 14. Calculate y(t).
14
Let r = -3 - 3. Let d(t) be the third derivative of t**8/20160 + t**7/720 + t**5/5 + 4*t**2. Let h(b) be the third derivative of d(b). Determine h(r).
-6
Suppose 10*j + 55 = 9*j. Let l be 11/(j/10) + -3. Let w(t) = 2*t. Give w(l).
-10
Let o be (2 - -1)*(-8)/24. Let q(x) be the second derivative of -7*x**3/6 + x**2/2 - 12*x. What is q(o)?
8
Let o(t) = -6*t + 4. Let d(f) be the first derivative of 2*f**2 - 3*f - 13. Let m(s) = -4*d(s) - 3*o(s). Determine m(-2).
-4
Suppose 3*x + t + 0 - 12 = 0, -5*x - 5*t + 30 = 0. Let v be x + -2 + -4 + 3 - 1. Let i(q) = -63*q. Let k(r) = -7*r. Let n(b) = -4*i(b) + 35*k(b). What is n(v)?
-7
Suppose 0 = -5*l - 4*f + 51, 3*l + 3*f - 32 + 2 = 0. Let g(w) = l*w - 12*w + 14 + 6. Let j be g(14). Let y(m) = -m**3 + 7*m**2 - 5*m - 8. Determine y(j).
-2
Suppose -3*c + 127 + 560 = 0. Let w(k) = 11*k + c - 234 - 4*k. Let z(l) = -6*l 